digit of 8490230?
8
What is the thousands digit of 732561572?
1
What is the ten thousands digit of 2397969310?
6
What is the units digit of 1717097777?
7
What is the ten thousands digit of 96653620?
5
What is the hundreds digit of 494975559?
5
What is the ten millions digit of 41820219?
4
What is the units digit of 21514782?
2
What is the hundred thousands digit of 261973536?
9
What is the millions digit of 321357061?
1
What is the hundreds digit of 2605092?
0
What is the units digit of 27734448?
8
What is the units digit of 432293190?
0
What is the tens digit of 2825281116?
1
What is the millions digit of 11661928?
1
What is the thousands digit of 41775884?
5
What is the hundred thousands digit of 3095309465?
3
What is the millions digit of 55464847?
5
What is the hundreds digit of 79093903?
9
What is the millions digit of 760614485?
0
What is the millions digit of 1222448478?
2
What is the hundred millions digit of 455789371?
4
What is the ten millions digit of 1236865392?
3
What is the hundred millions digit of 493680286?
4
What is the ten millions digit of 12096947?
1
What is the hundred thousands digit of 277942458?
9
What is the ten thousands digit of 46044993?
4
What is the hundreds digit of 31896094?
0
What is the ten thousands digit of 4150089409?
8
What is the ten thousands digit of 35366853?
6
What is the ten thousands digit of 55965700?
6
What is the ten thousands digit of 17606348?
0
What is the thousands digit of 47813877?
3
What is the tens digit of 1859767587?
8
What is the millions digit of 42170868?
2
What is the tens digit of 1265018809?
0
What is the millions digit of 1733775302?
3
What is the thousands digit of 2006900?
6
What is the tens digit of 1987003851?
5
What is the tens digit of 1126321661?
6
What is the millions digit of 316892969?
6
What is the ten millions digit of 29378068?
2
What is the millions digit of 3136078182?
6
What is the hundreds digit of 1152920466?
4
What is the ten millions digit of 32971102?
3
What is the ten thousands digit of 1999069999?
6
What is the millions digit of 19359179?
9
What is the hundred millions digit of 9528068831?
5
What is the units digit of 1096571130?
0
What is the ten millions digit of 51876995?
5
What is the thousands digit of 339209646?
9
What is the millions digit of 22668735?
2
What is the thousands digit of 6934853?
4
What is the hundred thousands digit of 1193750084?
7
What is the thousands digit of 599318826?
8
What is the hundreds digit of 142779628?
6
What is the hundred millions digit of 2051099071?
0
What is the tens digit of 125177400?
0
What is the thousands digit of 23701574?
1
What is the ten millions digit of 925000420?
2
What is the hundred thousands digit of 290474803?
4
What is the hundred millions digit of 535218939?
5
What is the ten thousands digit of 20953603?
5
What is the thousands digit of 1184992799?
2
What is the hundred millions digit of 752737972?
7
What is the hundreds digit of 719767602?
6
What is the ten thousands digit of 81196450?
9
What is the units digit of 183352904?
4
What is the hundreds digit of 1923532959?
9
What is the millions digit of 480546572?
0
What is the ten thousands digit of 133992040?
9
What is the tens digit of 822229673?
7
What is the units digit of 2570554981?
1
What is the thousands digit of 88553044?
3
What is the hundred thousands digit of 164189737?
1
What is the thousands digit of 592060842?
0
What is the hundreds digit of 267269022?
0
What is the hundred millions digit of 2861846030?
8
What is the millions digit of 2890245?
2
What is the hundred millions digit of 2439574566?
4
What is the millions digit of 94029820?
4
What is the ten thousands digit of 684843415?
4
What is the ten millions digit of 146044978?
4
What is the thousands digit of 5721176005?
6
What is the tens digit of 172442009?
0
What is the thousands digit of 128536957?
6
What is the hundred thousands digit of 64756156?
7
What is the hundred millions digit of 2605263026?
6
What is the thousands digit of 192657436?
7
What is the tens digit of 1495939249?
4
What is the hundreds digit of 53155409?
4
What is the ten thousands digit of 66032017?
3
What is the thousands digit of 1234819?
4
What is the thousands digit of 81013559?
3
What is the millions digit of 165676498?
5
What is the thousands digit of 103576061?
6
What is the tens digit of 123619587?
8
What is the thousands digit of 52473115?
3
What is the units digit of 111789950?
0
What is the ten thousands digit of 1171015034?
1
What is the ten millions digit of 23720421?
2
What is the ten thousands digit of 245369804?
6
What is the units digit of 201799574?
4
What is the units digit of 1484739310?
0
What is the units digit of 623149858?
8
What is the units digit of 35587651?
1
What is the ten thousands digit of 994341432?
4
What is the hundreds digit of 1114879420?
4
What is the hundreds digit of 24631202?
2
What is the tens digit of 54721329?
2
What is the units digit of 63885778?
8
What is the units digit of 118573223?
3
What is the tens digit of 563565?
6
What is the hundred thousands digit of 46187638?
1
What is the hundred thousands digit of 35639023?
6
What is the hundred thousands digit of 2030961608?
9
What is the hundreds digit of 466011430?
4
What is the ten millions digit of 54427059?
5
What is the tens digit of 3415253267?
6
What is the hundreds digit of 110698874?
8
What is the millions digit of 141674920?
1
What is the tens digit of 49964724?
2
What is the units digit of 78404428?
8
What is the thousands digit of 605916335?
6
What is the hundred thousands digit of 21436972?
4
What is the millions digit of 289809299?
9
What is the hundred millions digit of 505355242?
5
What is the hundred thousands digit of 394798489?
7
What is the thousands digit of 3865015333?
5
What is the hundred thousands digit of 1361053207?
0
What is the hundreds digit of 66777270?
2
What is the thousands digit of 117821230?
1
What is the units digit of 21788487?
7
What is the units digit of 3875797899?
9
What is the hundred thousands digit of 1648786941?
7
What is the hundreds digit of 2400402193?
1
What is the hundreds digit of 207802136?
1
What is the hundreds digit of 515353172?
1
What is the thousands digit of 40075871?
5
What is the ten millions digit of 1864505002?
6
What is the tens digit of 121842471?
7
What is the units digit of 560066842?
2
What is the ten millions digit of 3200761011?
0
What is the ten thousands digit of 470041278?
4
What is the hundreds digit of 93485944?
9
What is the units digit of 232762610?
0
What is the millions digit of 26495719?
6
What is the millions digit of 217175281?
7
What is the hundred thousands digit of 69526128?
5
What is the ten thousands digit of 1913848777?
4
What is the units digit of 541395817?
7
What is the tens digit of 8538154354?
5
What is the billions digit of 6098383954?
6
What is the ten millions digit of 30751210?
3
What is the hundred thousands digit of 2168728364?
7
What is the hundreds digit of 134579953?
9
What is the ten thousands digit of 25847355?
4
What is the ten millions digit of 3901181354?
0
What is the ten millions digit of 56067269?
5
What is the hundred millions digit of 224037088?
2
What is the tens digit of 282716039?
3
What is the tens digit of 19366297?
9
What is the thousands digit of 210141193?
1
What is the billions digit of 6842207372?
6
What is the ten thousands digit of 113110822?
1
What is the hundreds digit of 463174650?
6
What is the units digit of 166239429?
9
What is the millions digit of 180256313?
0
What is the ten thousands digit of 149715368?
1
What is the ten millions digit of 459535007?
5
What is the tens digit of 21814996?
9
What is the hundred thousands digit of 1475212463?
2
What is the thousands digit of 1288345114?
5
What is the hundreds digit of 336967816?
8
What is the millions digit of 4920788110?
0
What is the hundreds digit of 206183039?
0
What is the units digit of 169869021?
1
What is the ten thousands digit of 6315487?
1
What is the hundreds digit of 70412327?
3
What is the hundred millions digit of 464351084?
4
What is the units digit of 1274969701?
1
What is the billions digit of 2172152914?
2
What is the ten thousands digit of 302579841?
7
What is the ten thousands digit of 34890785?
9
What is the b